28343 prime?
False
Is 22353 composite?
True
Is 2120297 prime?
True
Is 38501 prime?
True
Is 20329 composite?
True
Is 176411 a composite number?
True
Is 4267 prime?
False
Is 192353 a prime number?
False
Is 6053 a composite number?
False
Is 10279 a composite number?
True
Is 129461 a prime number?
True
Is 3318139 prime?
False
Is 103 a composite number?
False
Is 4413 a composite number?
True
Is 1109941 a composite number?
True
Is 211 a prime number?
True
Is 20969 a prime number?
False
Is 5167 composite?
False
Is 2483 composite?
True
Is 1445581 a composite number?
False
Is 611 a prime number?
False
Is 25609 a composite number?
False
Is 37883 composite?
True
Is 2470667 a prime number?
True
Is 82129 composite?
False
Is 439646 composite?
True
Is 30427 composite?
False
Is 69929 prime?
True
Is 19639 composite?
True
Is 99661 a composite number?
False
Is 517 prime?
False
Is 5191 prime?
False
Is 8425537 a composite number?
False
Is 4409 prime?
True
Is 5774 prime?
False
Is 2281 a prime number?
True
Is 52637 a composite number?
True
Is 255161 a prime number?
False
Is 457307 a prime number?
True
Is 6197 a prime number?
True
Is 235147 a prime number?
False
Is 27613 a prime number?
False
Is 567577 a composite number?
True
Is 111409 a prime number?
True
Is 183437 prime?
True
Is 985741 prime?
True
Is 215843 prime?
True
Is 11633 a composite number?
False
Is 659567 a prime number?
False
Is 3055687 composite?
False
Is 72089 prime?
True
Is 2302 a prime number?
False
Is 641761 composite?
False
Is 7453 a composite number?
True
Is 1359857 a prime number?
True
Is 32141 a prime number?
True
Is 163103 prime?
False
Is 319673 composite?
False
Is 6459 a composite number?
True
Is 334021 prime?
True
Is 15119 prime?
False
Is 365053 prime?
False
Is 75077 a composite number?
True
Is 1173043 a prime number?
True
Is 97939 prime?
False
Is 511991 a composite number?
False
Is 23531 composite?
False
Is 56227 a prime number?
False
Is 557 composite?
False
Is 11471 a composite number?
False
Is 520193 composite?
False
Is 29363 composite?
False
Is 886381 prime?
True
Is 24223 a prime number?
True
Is 1907 a composite number?
False
Is 147769 prime?
True
Is 78503 prime?
False
Is 1399 a composite number?
False
Is 34777 a composite number?
True
Is 268183 a composite number?
True
Is 354953 composite?
False
Is 10903 a prime number?
True
Is 57427 a composite number?
False
Is 16909 a composite number?
True
Is 10594 prime?
False
Is 519769 a prime number?
True
Is 1369187 a prime number?
False
Is 223205 a prime number?
False
Is 321359 composite?
False
Is 49481 composite?
False
Is 18899 a prime number?
True
Is 2335855 a prime number?
False
Is 93371 composite?
False
Is 180667 a prime number?
True
Is 863165 a composite number?
True
Is 78643 a composite number?
False
Is 1263943 prime?
True
Is 421297 a composite number?
True
Is 122063 a prime number?
False
Is 175679 composite?
True
Is 2931 a prime number?
False
Is 3831 composite?
True
Is 19277 a prime number?
False
Is 199 a composite number?
False
Is 10687 a composite number?
False
Is 1943 a composite number?
True
Is 31957 a composite number?
False
Is 49763 a composite number?
True
Is 54991 prime?
False
Is 245029 a composite number?
False
Is 8417 prime?
False
Is 350543 a prime number?
False
Is 26987 a prime number?
True
Is 292157 a composite number?
False
Is 533581 a prime number?
True
Is 42923 composite?
False
Is 3793 a prime number?
True
Is 275489 a prime number?
True
Is 4091 a prime number?
True
Is 173657 composite?
True
Is 127951 a composite number?
False
Is 1979347 composite?
False
Is 4717 a composite number?
True
Is 359815 a prime number?
False
Is 82697 prime?
False
Is 40031 a composite number?
False
Is 433501 prime?
True
Is 211333 a prime number?
True
Is 7043 a prime number?
True
Is 114299 a prime number?
True
Is 1297927 prime?
True
Is 9773 prime?
False
Is 1173979 a prime number?
True
Is 3127 composite?
True
Is 16843 a prime number?
True
Is 7817 a prime number?
True
Is 39073 a prime number?
False
Is 12158 a composite number?
True
Is 128129 a composite number?
True
Is 159097 prime?
True
Is 11707 a prime number?
False
Is 19277 composite?
True
Is 17843 a prime number?
False
Is 13567 prime?
True
Is 326437 prime?
True
Is 106739 a prime number?
True
Is 3407 prime?
True
Is 18269 a prime number?
True
Is 6809 a composite number?
True
Is 143438 composite?
True
Is 89 prime?
True
Is 469207 prime?
True
Is 7817 composite?
False
Is 1543 composite?
False
Is 120473 a prime number?
True
Is 221809 prime?
False
Is 13607 composite?
True
Is 523741 a composite number?
False
Is 396479 a composite number?
False
Is 54643 a prime number?
False
Is 287137 a prime number?
True
Is 6612979 composite?
False
Is 7283 composite?
False
Is 68687 a composite number?
False
Is 332243 a prime number?
False
Is 106817 prime?
False
Is 157259 a prime number?
True
Is 109157 a composite number?
True
Is 2933 prime?
False
Is 15242 composite?
True
Is 3275803 composite?
False
Is 2503 prime?
True
Is 28463 prime?
True
Is 22499 a composite number?
True
Is 42659 a composite number?
True
Is 117541 composite?
False
Is 23099 a prime number?
True
Is 29803 a composite number?
False
Is 4265 a prime number?
False
Is 912577 a prime number?
False
Is 1439 a prime number?
True
Is 10937 a composite number?
False
Is 3191 a prime number?
True
Is 753 a prime number?
False
Is 208757 a prime number?
False
Is 10805 composite?
True
Is 13817 a composite number?
True
Is 2333 prime?
True
Is 442601 composite?
False
Is 2186543 a prime number?
True
Is 16909 a prime number?
False
Is 18021 composite?
True
Is 5297 composite?
False
Is 2928251 a composite number?
False
Is 2577203 a composite number?
False
Is 1007 prime?
False
Is 190623 composite?
True
Is 44305 composite?
True
Is 31271 composite?
False
Is 19733 prime?
False
Is 130927 a composite number?
False
Is 97919 prime?
True
Is 2066989 a prime number?
True
Is 58573 a composite number?
False
Is 218847 a prime number?
False
Is 239623 composite?
False
Is 1831 a composite number?
False
Is 319 a prime number?
False
Is 13613 composite?
False
Is 12941 composite?
False
Is 1709 a prime number?
True
Is 2533 a composite number?
True
Is 652117 a composite number?
False
Is 9031 composite?
True
Is 185243 composite?
False
Is 51971 prime?
True
Is 17291 prime?
True
Is 11279 composite?
False
Is 327395 composite?
True
Is 23969 a composite number?
True
Is 1213 composite?
False
Is 631201 composite?
True
Is 89861 composite?
True
Is 295142 composite?
True
Is 7099 prime?
False
Is 19777 composite?
False
Is 7533337 prime?
False
Is 28921 a composite number?
False
Is 5387 a composite number?
False
Is 1207 a prime number?
False
Is 14519 composite?
False
Is 62367 a prime number?
False
Is 3259 a composite number?
False
Is 22109 a prime number?
True
Is 11783 a prime number?
True
Is 12137 prime?
False
Is 1587797 composite?
True
Is 74377 composite?
False
Is 52573 a composite number?
True
Is 26801 a prime number?
True
Is 14567 prime?
False
Is 9967 composite?
False
Is 199159 a prime number?
False
Is 10221 composite?
True
Is 42335 prime?
False
Is 27179 composite?
False
Is 55849 composite?
False
Is 101999 prime?
True
Is 67741 composite?
False
Is 27179 a composite number?
False
Is 21467 prime?
True
Is 22973 composite?
False
Is 396871 a prime number?
True
Is 56983 composite?
False
Is 453971 a prime number?
False
Is 1170179 a composite number?
True
Is 291145 composite?
True
Is 329569 a prime number?
False
Is 48847 a prime number?
True
Is 546509 prime?
True
Is 1049 a prime number?
True
Is 102379 a prime number?
False
Is 37273 a prime number?
True
Is 321403 a composite number?
False
Is 89083 a composite number?
False
Is 82163 a prime number?
True
Is 568099 a prime number?
False
Is 208595 a prime number?
False
Is 231403 a prime number?
False
Is 19661 composite?
False
Is 114713 composite?
False
Is 480547 prime?
False
Is 2809 a composite number?
True
Is 30161 a prime number?
True
Is 151297 prime?
False
Is 12373 a composite number?
False
Is 10007 prime?
True
Is 3085 a prime number?
False
Is 1541239 prime?
False
Is 262445 composite?
True
Is 681883 a composite number?
False
Is 4561 composite?
False
Is 348079 composite?
True
Is 2407307 composite?
True
Is 30679 prime?
False
Is 6803 a prime number?
True
Is 8885 a composite number